 the tens digit of 7151?
5
What is the ten thousands digit of 52016?
5
What is the ten thousands digit of 1877600?
7
What is the units digit of 282700?
0
What is the thousands digit of 283511?
3
What is the millions digit of 26768687?
6
What is the tens digit of 21682776?
7
What is the units digit of 36633183?
3
What is the millions digit of 4567835?
4
What is the thousands digit of 1941001?
1
What is the tens digit of 7583310?
1
What is the ten thousands digit of 3013988?
1
What is the ten millions digit of 12804209?
1
What is the hundred thousands digit of 2022510?
0
What is the hundreds digit of 302926?
9
What is the units digit of 31114844?
4
What is the units digit of 2104924?
4
What is the tens digit of 10739314?
1
What is the hundreds digit of 3164569?
5
What is the ten thousands digit of 1912098?
1
What is the units digit of 175467?
7
What is the thousands digit of 11908?
1
What is the millions digit of 1282274?
1
What is the hundreds digit of 825988?
9
What is the millions digit of 1502660?
1
What is the hundreds digit of 3122489?
4
What is the thousands digit of 236002?
6
What is the thousands digit of 377162?
7
What is the hundred thousands digit of 1077084?
0
What is the units digit of 2301627?
7
What is the ten thousands digit of 4291484?
9
What is the thousands digit of 1024204?
4
What is the hundreds digit of 1168494?
4
What is the hundreds digit of 640310?
3
What is the millions digit of 25772062?
5
What is the thousands digit of 4186704?
6
What is the hundred thousands digit of 172014?
1
What is the tens digit of 1506036?
3
What is the thousands digit of 12999255?
9
What is the thousands digit of 850238?
0
What is the ten thousands digit of 312079?
1
What is the thousands digit of 6093430?
3
What is the millions digit of 1168747?
1
What is the units digit of 51432?
2
What is the units digit of 9576319?
9
What is the hundreds digit of 225888?
8
What is the units digit of 76503?
3
What is the ten thousands digit of 1944307?
4
What is the tens digit of 7260982?
8
What is the hundred thousands digit of 432323?
4
What is the ten thousands digit of 1298205?
9
What is the hundred thousands digit of 5368708?
3
What is the ten thousands digit of 2401602?
0
What is the units digit of 6771643?
3
What is the hundred thousands digit of 23268959?
2
What is the thousands digit of 361811?
1
What is the units digit of 99475?
5
What is the ten millions digit of 28123269?
2
What is the units digit of 158901?
1
What is the ten thousands digit of 459857?
5
What is the hundreds digit of 3908702?
7
What is the hundred thousands digit of 23996771?
9
What is the hundreds digit of 195484?
4
What is the hundreds digit of 1094713?
7
What is the millions digit of 2970739?
2
What is the hundred thousands digit of 565430?
5
What is the ten thousands digit of 976902?
7
What is the millions digit of 1798763?
1
What is the hundred thousands digit of 5418242?
4
What is the millions digit of 1490232?
1
What is the ten thousands digit of 3665115?
6
What is the millions digit of 1680392?
1
What is the ten thousands digit of 464939?
6
What is the ten thousands digit of 9511226?
1
What is the tens digit of 714172?
7
What is the ten thousands digit of 224299?
2
What is the hundreds digit of 499819?
8
What is the thousands digit of 2139230?
9
What is the ten thousands digit of 4859192?
5
What is the tens digit of 276203?
0
What is the units digit of 3426144?
4
What is the units digit of 6032794?
4
What is the hundreds digit of 15984757?
7
What is the hundreds digit of 757556?
5
What is the thousands digit of 83676?
3
What is the ten thousands digit of 304647?
0
What is the hundred thousands digit of 769974?
7
What is the units digit of 1275718?
8
What is the millions digit of 3026592?
3
What is the hundreds digit of 403668?
6
What is the units digit of 5757814?
4
What is the hundreds digit of 677163?
1
What is the units digit of 285694?
4
What is the hundred thousands digit of 475597?
4
What is the hundred thousands digit of 203270?
2
What is the thousands digit of 164973?
4
What is the thousands digit of 82331?
2
What is the ten thousands digit of 8952753?
5
What is the tens digit of 628409?
0
What is the tens digit of 77119?
1
What is the hundred thousands digit of 1348235?
3
What is the hundreds digit of 5900182?
1
What is the ten thousands digit of 161524?
6
What is the ten thousands digit of 958609?
5
What is the hundreds digit of 799759?
7
What is the ten thousands digit of 37814847?
1
What is the thousands digit of 10744801?
4
What is the units digit of 17596?
6
What is the tens digit of 14852137?
3
What is the ten thousands digit of 203033?
0
What is the tens digit of 1528056?
5
What is the thousands digit of 538991?
8
What is the units digit of 5990014?
4
What is the hundreds digit of 161425?
4
What is the ten thousands digit of 373830?
7
What is the ten thousands digit of 423832?
2
What is the units digit of 13691366?
6
What is the hundreds digit of 8837561?
5
What is the hundreds digit of 1792360?
3
What is the thousands digit of 13512463?
2
What is the ten thousands digit of 5294689?
9
What is the hundred thousands digit of 1275550?
2
What is the tens digit of 586304?
0
What is the units digit of 4646601?
1
What is the tens digit of 276679?
7
What is the hundred thousands digit of 1190726?
1
What is the tens digit of 1023956?
5
What is the hundreds digit of 125798?
7
What is the tens digit of 12510336?
3
What is the millions digit of 1057804?
1
What is the units digit of 575305?
5
What is the units digit of 88073?
3
What is the ten thousands digit of 5270114?
7
What is the tens digit of 368351?
5
What is the ten thousands digit of 501935?
0
What is the tens digit of 41229?
2
What is the thousands digit of 149724?
9
What is the thousands digit of 1326240?
6
What is the hundred thousands digit of 9919128?
9
What is the tens digit of 1492300?
0
What is the thousands digit of 8889239?
9
What is the units digit of 6043264?
4
What is the ten thousands digit of 144138?
4
What is the hundred thousands digit of 207359?
2
What is the thousands digit of 3798862?
8
What is the units digit of 2643933?
3
What is the ten thousands digit of 832837?
3
What is the tens digit of 852023?
2
What is the tens digit of 940454?
5
What is the millions digit of 2229349?
2
What is the thousands digit of 280835?
0
What is the ten thousands digit of 123030?
2
What is the thousands digit of 4738101?
8
What is the hundred thousands digit of 4527158?
5
What is the hundred thousands digit of 255068?
2
What is the units digit of 638910?
0
What is the thousands digit of 654861?
4
What is the tens digit of 109308?
0
What is the millions digit of 1132853?
1
What is the ten thousands digit of 324344?
2
What is the tens digit of 1941297?
9
What is the thousands digit of 109779?
9
What is the units digit of 58242?
2
What is the tens digit of 7740195?
9
What is the units digit of 19935839?
9
What is the thousands digit of 1394507?
4
What is the thousands digit of 359472?
9
What is the ten thousands digit of 6235351?
3
What is the ten thousands digit of 497506?
9
What is the hundreds digit of 5609198?
1
What is the units digit of 1026839?
9
What is the hundreds digit of 48336?
3
What is the hundreds digit of 1243500?
5
What is the units digit of 600550?
0
What is the hundreds digit of 4913?
9
What is the thousands digit of 824072?
4
What is the tens digit of 750896?
9
What is the hundreds digit of 21291?
2
What is the hundred thousands digit of 434375?
4
What is the ten thousands digit of 5481273?
8
What is the ten millions digit of 25416747?
2
What is the hundred thousands digit of 1854457?
8
What is the hundred thousands digit of 27125279?
1
What is the thousands digit of 322111?
2
What is the thousands digit of 3286196?
6
What is the ten thousands digit of 72663?
7
What is the units digit of 1020562?
2
What is the thousands digit of 2279967?
9
What is the thousands digit of 685484?
5
What is the units digit of 264296?
6
What is the hundred thousands digit of 1961439?
9
What is the tens digit of 22879383?
8
What is the units digit of 1416402?
2
What is the tens digit of 19275295?
9
What is the hundred thousands digit of 18409717?
4
What is the units digit of 12791610?
0
What is the hundreds 